uppose 0 = 4*q - 8, -k*q - 16 = -4*p + 2*q. Is (-3)/9 - (-92)/p composite?
True
Let k(g) = -g**3 - 6*g**2 - 7*g - 5. Let m be k(-5). Suppose -d = -4*y - 9, 4*d + 2*y - 10 = m*y. Suppose d + 62 = 3*c. Is c a composite number?
True
Let x(h) = h**2 + 2*h + 43. Is x(0) a prime number?
True
Suppose -j - 2*z + 9 = 0, -4*z = -2*j - z - 17. Let w be 2*((-1)/2 - j). Is (w + 0)*(-2 + 33) a composite number?
False
Let b(r) = -679*r**3 - r - 1. Is b(-1) composite?
True
Let l = 284 - 114. Let g = -66 + l. Let p = -15 + g. Is p prime?
True
Suppose 8*r - 2628 = 3748. Is r composite?
False
Let i(z) = -z**3 - 11*z**2 + 11. Suppose -o - 60 = 4*o - 4*q, 12 = -o - 3*q. Is i(o) composite?
True
Is ((-11)/(-33))/((-2)/(-2514)) composite?
False
Suppose 4*l + 86 = 30. Let u = -9 - l. Suppose u*d + 147 = 8*d. Is d a prime number?
False
Suppose 4*u + 987 = x, 2*u - 3873 = -4*x + 3*u. Is x a composite number?
False
Let i be 40/(-15)*6/(-4). Suppose i*r - 20 = -r. Suppose -5*g = -r*x + 130, 115 = 3*x - 0*g + 5*g. Is x composite?
True
Let c be (-7805)/(-15) - 4/3. Let n = -265 + c. Is n a composite number?
True
Let r = -7 - -7. Let g = -1121 - -1936. Suppose 4*b + b - g = r. Is b a prime number?
True
Let k = 139 + -19. Suppose 5*p - y - k = -3*y, 0 = -p - 3*y + 37. Is p a prime number?
False
Let l be 2/10 + (-18)/(-10). Suppose l*x - 124 = 34. Is x composite?
False
Suppose -2*g - 2*g + 1336 = 0. Is g prime?
False
Is (-231)/(-14)*(-236)/(-6) prime?
False
Suppose 3 = 3*b + 6. Is ((-3)/b)/(-3) + 320 prime?
False
Suppose 4*y + 0*o = -2*o + 6, 0 = -5*o - 5. Suppose -381 = -3*t + y*b, 0*b - 636 = -5*t + 3*b. Is t a prime number?
False
Suppose 3*r = -3*i - 30, -42 = 5*i + r - 0*r. Let m be 1*(-3 + 0 - i). Let f = 9 - m. Is f a composite number?
True
Is (-11028)/8*4/(-6) a composite number?
False
Suppose 2*z + 3*z = 0. Suppose 3*u + 0*u - 249 = z. Is u a prime number?
True
Let k = -441 + 692. Is k prime?
True
Suppose -3*q + 20 = a, 3*q - q = 4*a + 4. Suppose r - q*r = -105. Is r composite?
True
Let x = 141 - -36. Is x prime?
False
Let r(b) = 156*b - 17. Let h(z) = -52*z + 6. Let v(a) = -8*h(a) - 3*r(a). Is v(-4) a prime number?
True
Suppose 3*f + 5*c + 22 = 0, -3*f + 6*f - 18 = 3*c. Suppose d + 3*y + 4 = -8, 5*y = -2*d - 24. Let p = f - d. Is p a composite number?
False
Let k = -24 + 17. Let i = k - -10. Suppose i*y - 690 + 117 = 0. Is y prime?
True
Let m = -3342 - -5799. Is m/12 + 5/20 a composite number?
True
Let d(g) = -11*g + 8. Let c be d(-5). Suppose i = 16 + c. Is i a composite number?
False
Suppose 2*v + 14 = -y + 3*y, 5*y + 4*v - 8 = 0. Let x be 13/y - 2/8. Suppose -3*q + 381 = -i, 2*q = -3*q - x*i + 635. Is q a prime number?
True
Let v(b) = -b**2 - 8*b + 2. Let w be v(-8). Suppose n = 170 + 155. Suppose -3*l = w*l - n. Is l composite?
True
Let a be -3 + 120 - (1 + -1). Let f = -62 - -132. Let q = a - f. Is q composite?
False
Suppose 1 + 1 = 2*d. Is (-2)/(1 + d) - -14 composite?
False
Let s = 124 - -119. Let i = -160 + s. Is i a prime number?
True
Let d = 84 - -159. Let z(q) = -3*q. Let u be z(-1). Suppose -3*x + 88 = 4*s - 127, 3*s + d = u*x. Is x prime?
False
Let n be (2/(-4))/((-2)/12). Let y be 23/(-2) + 2/4. Is (-1)/1*n*y prime?
False
Is (69/15 - 5) + 8634/10 a prime number?
True
Let s = 0 - -11. Suppose -f + 1 = -h, 0*f + s = -h - f. Is ((-65)/(-3))/((-2)/h) a prime number?
False
Let s = 2825 - 912. Is s composite?
False
Let d = 16 - 6. Let k(q) = 13*q - 3. Is k(d) a composite number?
False
Let g(i) = 3*i**3 - 2*i**2 - 3*i + 1. Let h = -1 + 1. Suppose j - 2*j + 3 = h. Is g(j) a composite number?
True
Let w be ((-158)/(-3))/(6/(-9)). Let l = w - -132. Is l composite?
False
Suppose -5*m + 0*m = 50. Let n(b) = -3*b - 11. Is n(m) a composite number?
False
Is (-2 - 2/(-2))*-419 a prime number?
True
Let j(u) = -5*u**2 - u - 20. Let w(m) = m**2 + 4. Let q(x) = 2*j(x) + 11*w(x). Let l be q(4). Suppose -l = -t + 10. Is t a prime number?
False
Suppose 0 = 3*g + 1005 - 54. Let t = -144 - g. Let x = -96 + t. Is x prime?
False
Suppose 2*c = -389 - 1495. Let b = c - -1583. Is b composite?
False
Let p = 132 + -27. Suppose 4*c - p = 427. Is c a prime number?
False
Let w(p) = 22*p**2 + 7*p - 8. Let x be w(-8). Suppose m - 6*m + 4*h = -1667, -4*m - 2*h + x = 0. Is m a prime number?
False
Let z be (-25)/(-4) + (-3)/12. Is 22*(-3)/(z/(-13)) a prime number?
False
Let a(r) = -9*r**2 + 2*r - 1. Let b(u) = -14*u**2 + 3*u - 2. Let x(z) = -8*a(z) + 5*b(z). Is x(-5) prime?
True
Is 6/(-12) - 873/(-6) a composite number?
True
Let t(x) = x**2 - 3*x + 1. Let s be t(2). Let w be (s/2 - 2)*10. Let b = w + 44. Is b prime?
True
Is (-53)/(1 - (-24)/(-18)) a composite number?
True
Let d(h) = -h**3 + 4*h**2 - 4*h + 2. Let k be d(2). Is (k + 584)*3/6 composite?
False
Let z = 46 + 51. Is z a prime number?
True
Suppose 10865 = 2*f - 14*a + 11*a, -f + 5452 = 5*a. Is f prime?
True
Suppose -64 + 4 = -z. Let u be (23/1)/(0 + -1). Let g = u + z. Is g a composite number?
False
Is (-218)/(-2)*(15 - 8) composite?
True
Let x(u) = -257*u + 5. Is x(-2) a prime number?
False
Let y = -10 + 7. Let i(l) = -17*l - 4. Let v be i(y). Let o = v - 24. Is o a composite number?
False
Let k = -232 - -435. Is k prime?
False
Let h(x) = 4*x + 5. Let s(c) = -c - 1. Let p(j) = -h(j) - 6*s(j). Let l = 4 - -2. Is p(l) composite?
False
Suppose -5*v + 759 = -2*v. Is v a composite number?
True
Suppose 14*w - 1529 = 3*w. Is w a prime number?
True
Is 1/(-3) + (-8135)/(-15) a prime number?
False
Suppose -422 = 9*x - 11*x. Is x a composite number?
False
Suppose 12 = -4*h, 4322 - 22759 = -4*j - 5*h. Is j a composite number?
True
Suppose -3*d + d + 10 = 0, -5*n + 2*d + 15 = 0. Suppose 0*l - 20 = -n*l. Let c = 18 - l. Is c composite?
True
Suppose -2*x + 14 = b, 2*b - x - 3*x + 12 = 0. Suppose b = 2*p - 3*p. Let t = p + 17. Is t composite?
False
Suppose d = -4*d + 565. Is d composite?
False
Let q(u) = -13*u + 38. Is q(-20) a composite number?
True
Suppose -4*z + 18 = 3*q, 2 + 6 = 3*z + 5*q. Is z prime?
False
Let d(g) = 47*g - 14. Is d(9) a prime number?
True
Let r(m) be the third derivative of m**6/120 - 2*m**5/15 + m**4/24 + 11*m**3/6 - 5*m**2. Is r(8) prime?
True
Let q be (1 - -1)/((-6)/87). Let g(u) = 18*u. Let h be g(-1). Let y = h - q. Is y a composite number?
False
Let l be (-48)/(-9) - (-3)/(-9). Suppose -l*g - 3*j - 2*j + 25 = 0, 2*g + j = 7. Suppose g*p - q - 63 = -0*p, -4*p - 4*q = -144. Is p a composite number?
True
Let h(j) be the first derivative of 19*j**2 - 3*j - 2. Is h(7) a prime number?
True
Suppose g - 17 - 130 = 0. Suppose s - g = -2*s. Is s prime?
False
Let p = 3 - 4. Is p/((-288)/(-291) + -1) a composite number?
False
Suppose -4*o = -o - 51. Suppose 0 = -5*v + 5*c + 390, 0 = 5*v + c - o - 403. Is v prime?
True
Let q = -13 + 7. Is 220 - 4/(8/q) composite?
False
Suppose 10*s + 6*s - 95696 = 0. Is s composite?
False
Suppose -u + 6*u = 2945. Is u prime?
False
Suppose 0 = 2*p - 9 - 13. Suppose -3*h + 214 = -4*b + p, -b + 1 = 0. Is h prime?
False
Let d(y) = -3 - 4 + 9*y + y**2 + 1 + 3. Is d(-13) composite?
True
Let d = -138 - -247. Let w(i) = i + 2. Let a be w(-2). Is (3 - a - 2)*d a prime number?
True
Suppose -5*h + 4*d = -0*h - 37, 2*h + d = 7. Suppose h*y - 206 - 849 = 0. Is y prime?
True
Suppose 0 = 2*r - 7*r. Suppose r = -2*g - i + 37 + 40, -42 = -g - 4*i. Is g prime?
False
Let m = -23 - -33. Suppose l + 3*o - 10 = -o, l - m = -o. Is ((-888)/(-20))/(4/l) a composite number?
True
Let w(o) be the third derivative of -o**6/120 - o**5/60 + o**4/6 - o**3/6 + 3*o**2. Let y be w(-3). Suppose -j + 18 = -3*f - 2*f, y*j - 63 = -2*f. Is j prime?
True
Let s(b) = b**2 + 2 - b**3 - 5*b**2 - 4*b - b**2. Let j = -11 - -7. Is s(j) a composite number?
False
Let y be 499/2 + 3/(-6). Let j = -167 - -85. Let v = y + j. Is v composite?
False
Suppose 0 = 3*h + h. Let f be 346/10 - 2/(-5). Suppose -i + 88 - f = h. Is i prime?
True
Suppose -5*a + 0*a + 6065 = 0. Is a prime?
True
Let k(s) = 75*s**2 + s - 3. Is k(-2) prime?
False
Suppose -4*f = -2*j - 914, -3*f - 5*j + 427 = -f. Is f prime?
False
Let h(k) = k**3 + 10*k**2 - 10*k + 16. Let f be h(-11). Let o(u) = u**3 - 3*u**2 - 4*u + 4. Is o(f) a composite number?
True
Let y(o) = -8*o**3 - 2*o**2 - 5*o - 8. Is y(-5) composite?
False
Let u = 1300 + -239. Is u prime?
True
Let w(i) = -2*i**3 - 4*i**2